ive y(s).
-6
Suppose 8 = 5*l + r - 5, -15 = -5*r. Let s = 1 - l. Let x(g) = -4*g. Calculate x(s).
4
Let v(z) = z**3 + 7*z**2 - 9*z - 4. Let q = 129 + -137. What is v(q)?
4
Let s(r) = -r**2 - 9*r + 12. Let z be s(-10). Suppose z + 2 = j. Suppose -2 = -2*c + j*c. Let l(t) = t. Calculate l(c).
-1
Let x(c) = -c**2 - 10*c - 12. Let s be x(-8). Suppose s = 3*y + 10. Let d(o) = 14*o + 6. Let f(n) = 7*n + 3. Let m(u) = -4*d(u) + 7*f(u). Determine m(y).
11
Let c(g) = -3 + 1 + 4 - 1 - 4*g. Suppose -2*o - 22 = 4*w, 2*w + 22 = 3*o - 3*w. Give c(o).
5
Suppose 0 = 4*g + 5*f - 28, 5*f = 4*f. Let i(q) = -q**3 + 8*q**2 - 7*q + 8. Give i(g).
8
Let y(h) = -60 + 62 + h**3 + 4*h**2 + 6*h + h**2. Calculate y(-4).
-6
Suppose 4*s - 15 = -i, -s + 3 = -i - 2. Let a(l) = -l**3 + 6*l**2 - 7*l + 5. Give a(s).
9
Let d be (6/(-4))/(9/12). Let g(h) = 3*h - 1. Give g(d).
-7
Let p(y) = -y**3 + 8*y**2 + 9*y + 2. Let a be p(9). Let z(r) = -3*r**a + 7 + r + r**2 + r**2 + 0*r**2. Determine z(5).
-13
Let n(q) be the second derivative of -q**6/720 + q**5/60 - q**4/12 - 3*q. Let x(l) be the third derivative of n(l). Determine x(6).
-4
Let s(l) = 0*l + 4 - 3*l - 5*l - 2*l**2 + 5*l. Determine s(-3).
-5
Let h be 1 + 2/6*0. Let z be 61/(-6) + h/6. Let r = z + 7. Let k(p) = p**3 + 3*p**2 - p - 1. Calculate k(r).
2
Let q(m) = -m**3 + 3*m**2 + 4. Let j be q(3). Suppose -2*z = -j + 2. Let t(w) = 4*w**3. Calculate t(z).
4
Let p(l) = 4*l**2 - 3*l**2 + 8*l - 3*l + 1. What is p(-5)?
1
Let h(i) = -i**3 - i**2 - i - 1. Let z(f) = 5*f**3 + 7*f**2 + 1. Let x(y) = -6*h(y) - z(y). Let o(c) = -c**2 - 1. Let t(m) = 5*o(m) + x(m). Determine t(5).
5
Let p be (3 - 2/3)*6. Suppose -5*l - 4 = -4*i + 14, 5*i = 2*l + p. Let q(v) = -v**3 + 5*v**2 - 2*v + 2. What is q(i)?
10
Suppose -5*b - 8 = -4*b + 3*j, 0 = 5*j + 20. Let t be (b/(-6)*3)/2. Let u(o) = -5 + 5 + o - 7*o**2. Give u(t).
-8
Suppose -10 = 2*z + 4*i, -2*i + 4*i + 6 = 0. Let q(u) = u**3 + 3*u**2 + z - u - u**2 + 3*u. What is q(-2)?
-3
Let f = -27 - -28. Let a(t) be the first derivative of 5*t**3/3 - t - 1. Determine a(f).
4
Suppose 3*c + 6 = 24. Let l(t) = t**3 - 5*t**2 - 5*t + 2. Give l(c).
8
Let w(k) = k + 1. Let m = 13 + -17. Let r(u) = 5*u - 11. Let o(d) = m*w(d) + r(d). Give o(0).
-15
Let j(v) = 4*v. Let i(x) = -7*x - 1. Let n(c) = 3*i(c) + 5*j(c). What is n(4)?
-7
Let c(t) = t**3 - t + 1. Let v(k) = -k**3 - 7*k**2 + 2. Let a be v(-7). Give c(a).
7
Let s(k) = k + 3. Let x(o) be the first derivative of -2*o**2 - 11*o - 1. Let p(f) = -9*s(f) - 2*x(f). Suppose -3*h = -2*h. Determine p(h).
-5
Let g(f) = -f**2 + f + 1. Let k(p) be the second derivative of p**3 - 4*p**2 - 3*p. Let u(s) = -g(s) - k(s). What is u(6)?
1
Let d(n) be the first derivative of -n**4/4 - n**3/3 - 5*n + 48. Calculate d(0).
-5
Let b(d) = d**3 - 3*d**2 + d - 6. Let j be b(3). Let f(k) = k**3 + 3*k**2 + 2*k - 3. What is f(j)?
-9
Let i(b) = b**2 - b - 1. Let g(d) = d**3 - 1. Let a(h) = -g(h) - 2*i(h). Suppose 0 = -z + 3*z + 6. Determine a(z).
6
Let s(y) = -y**3 - 6*y**2 + 6*y - 4. Let m be s(-7). Let r(p) = -p**2 + p + 2. Let l(u) = -u**2 + u + 2. Let z(b) = -4*l(b) + 3*r(b). Calculate z(m).
4
Let y(m) = -m**3 + 4*m**2 - 3*m. Suppose -2 = -3*j + 2*v, v + 4*v = -5. Let f = j + 2. Calculate y(f).
2
Let l(f) = 4*f**3 - 1. Suppose 5*w = 3*c - 0 - 2, 7 = -4*w - 3*c. What is l(w)?
-5
Let n(b) = -b**3 - 22*b**2 + 2 + 8*b**2 + 10*b**2 - 3*b. Give n(-3).
2
Let t = 5 + -14. Let f = t - -19. Suppose -j - 5*b = -0*j - f, 0 = -2*j - 2*b - 4. Let d(h) = -h - 3. Calculate d(j).
2
Let w(b) be the second derivative of -5*b**4/12 + b**3/6 + b**2/2 + 5*b. Let v(q) be the first derivative of w(q). Calculate v(1).
-9
Let p(z) be the second derivative of z**5/20 - z**4/2 - 4*z**3/3 + 4*z**2 - 4*z. Determine p(7).
1
Let l(r) = -4 - 5 + 0*r + r - 2*r. Determine l(-6).
-3
Let c(u) = -u + 6. Let v be c(12). Let q(d) = d**3 + 6*d**2 - 4. Determine q(v).
-4
Let k be 32/40*(-5)/1. Let i = k - -1. Let a(c) = c**3 + 4*c**2 - 4. Give a(i).
5
Let l(v) = -4*v**2 + 3*v + 9 + 2 - v**3 - 7. Give l(-4).
-8
Let y(g) = g**2 + 3*g - 5. Suppose 0 = 4*v + 5 + 31. Let h = 5 + v. Let m be y(h). Let i(j) = 7*j**2 - j. Give i(m).
8
Let u be 18/10 - 2/(-10). Let x(i) = 3*i**2 - 2*i - 1. Give x(u).
7
Suppose 0 = 4*d + 6 - 14. Let n(s) = -s + 18. Let m be n(15). Let i(v) = 0*v**d + m*v**2 + v**2. Calculate i(1).
4
Let n(y) = -2*y**3 + 2*y**3 + 7 - y**3 + 12*y**2 + 26*y - 37*y. What is n(11)?
7
Let q(w) = -1 + 0*w - w**2 + 0*w + 2*w. Calculate q(3).
-4
Suppose -v - v = -3*f + 10, 3*v = -f - 4. Suppose b = f*b. Let l(t) = -2*t + 7 + t - 4. What is l(b)?
3
Let x(j) = j - 4. Let u be x(2). Let q(m) be the second derivative of -m**5/20 - m**4/12 - m**2 + 3*m + 6. Calculate q(u).
2
Suppose 2*g - 5*j = 15, -2*j - 29 = -5*g + 2*j. Let a = g + -2. Suppose a*l + 0*x + 3*x - 3 = 0, 4*x - 4 = 2*l. Let s(n) = -n - 3. Determine s(l).
-3
Let l = 14 - 15. Let x(t) = 2*t**2 - t. Determine x(l).
3
Let f(x) be the third derivative of -x**5/60 - x**3 - 8*x**2. Suppose 2 = -k + 3. Let h = -1 + k. What is f(h)?
-6
Let a(t) be the second derivative of -1/2*t**2 + 2/5*t**5 + 0*t**3 + 0 - 6*t + 0*t**4. Give a(1).
7
Let i(s) be the first derivative of s**4/4 - 2*s**3/3 - 7*s**2/2 + 5*s - 5. Let p(m) = -2*m. Let n be p(-2). Give i(n).
9
Let q(a) = -2*a**2 + 0*a**2 - 1 - 2*a + 2. Let j(s) = 9*s**2 + 10*s - 5. Let y(i) = -2*j(i) - 11*q(i). Suppose 2*m - 2 = -0. What is y(m)?
5
Suppose 2*d = -0*n + n - 21, -4*d = 4*n - 24. Let v(s) = -s**2 + 9*s + 14. What is v(n)?
-8
Let j(v) = -5*v**2 + v. Let l be (-6)/(-21) + (-24)/(-14). Suppose 5*g = l*n + 8, -5*g + 5*n = -g - 20. Let m be -1 - 3/6*g. What is j(m)?
-6
Let d(w) = -19*w**2 + w - 1. Let b = 88 - 87. Give d(b).
-19
Let i(b) = -b**2 + 8*b + 4. Let n be i(8). Suppose -5*c + 3*j + 15 = 0, 3*c = 2*c + 2*j - n. Let f(q) = -q**3 + 5*q**2 + 6*q - 2. Determine f(c).
-2
Let b be 16/6 - 6/9. Suppose -b*a + a = -4. Let x(p) = -7*p - 4. Let c(j) = -6*j - 3. Let f(i) = 5*c(i) - 4*x(i). Calculate f(a).
-7
Let p be (-2 - (0 + 0))*117/26. Let w(v) = v + 14. Give w(p).
5
Let w(g) = g. Let l be (1 + 1)*(-15)/(-10). Suppose -5*j + l = 4*v + 48, -10 = j + v. What is w(j)?
-5
Let b be 2 + (-24)/3 - -2. Suppose -a + 10 = 4*a. Let o(p) = -2*p**2 - a*p**2 + 0*p**3 - 4*p**3 + 1 + 3*p**3. Give o(b).
1
Let r(w) = -7*w + 0 - 5*w**2 + w**3 - 5 + 1 + 5. Give r(6).
-5
Let h(t) be the first derivative of t**4/4 - 3*t**3 + 5*t**2 - 6*t - 1. Calculate h(8).
10
Let h(q) = 4*q**2 + 0*q**2 - 176*q + q**3 + 169*q - 3. Determine h(-5).
7
Let t(d) = d + 1. Let u(b) = -5. Let c(s) = 4*t(s) + u(s). Determine c(6).
23
Let o(t) = 8*t**3 + 3*t**2 + t + 4. Let k(c) = 7*c**3 + 2*c**2 + c + 3. Let z(a) = 4*k(a) - 3*o(a). Suppose -4 = -3*x - 1. Determine z(x).
4
Let n = 7 - 2. Suppose 1 = -3*i + 2*w + 13, w = -4*i + n. Let u(k) = 4*k - 3. Calculate u(i).
5
Let y(c) = -c**3 + 3*c**2 + 1. Let i be y(3). Suppose 5 - i = w. Let n(g) = 0*g**3 + 3 + 3*g**3 + 3*g**2 + 2*g - w*g**3. Calculate n(4).
-5
Suppose 4*a - 29 = -4*f - f, -a + 6 = f. Let n(h) = -3*h - f + 6 - 2*h. Determine n(-1).
6
Suppose -12 = -6*a + 3*a. Suppose 0 = -2*l + 4*p - 4, -a*l + 29 = 2*p - 3. Let i(k) = -k**2 + 7*k - 7. Calculate i(l).
-1
Let u(z) = 2*z**2 - 1. Let d be u(-1). Let f be (d/(-1))/(6/(-12)). Let k(l) = -l**3 + 3*l**2 - 2. Give k(f).
2
Let z = 8 + -5. Let l(m) = -m - 4 - m**2 + 0*m**2 + 3 - z. Suppose 9*g - 4*g = 0. Determine l(g).
-4
Let a(d) = d - 12. Let r(j) = -j**3 + 2*j**2 + 5*j. Let w be r(4). Let m(k) = -k**3 - 11*k**2 + 12*k + 6. Let x be m(w). Calculate a(x).
-6
Let v(y) = 6*y**3 - y**2 + 1. Let q = 1 - -2. Suppose 0*r - g = r - 2, q*g = 4*r - 1. Give v(r).
6
Let d = 17 + -19. Let p(x) = x**3 + 3*x**2 + 3*x + 3. What is p(d)?
1
Let n(c) = c**3 - 3*c**2 - 21*c + 11. Let o be n(6). Let l(b) = -b**2 - 7*b + 3. What is l(o)?
3
Let i(a) be the first derivative of a**5/120 - a**4/24 + a**3/3 + 1. Let p(w) be the third derivative of i(w). Let q be (0/(-2))/(17 - 16). Determine p(q).
-1
Suppose -s + z - 4*z = 3, z = -4*s - 23. Let i(q) = -q - 4. Determine i(s).
2
Let r = -158 - -154. Let n(c) = c**3 + 5*c**2 + 3*c + 4. Give n(r).
8
Let j(l) = -39*l + 88*l + l**2 + 1 - 44*l. Calculate j(-5).
1
Suppose 12*v = 8*v + 24. Let o(h) = -h + 10. Give o(v).
4
Let f = 21 - 19. Let q(d)